{"id":3519,"date":"2024-03-22T21:37:40","date_gmt":"2024-03-22T21:37:40","guid":{"rendered":"https:\/\/proteger.pt\/?page_id=3519"},"modified":"2024-03-25T16:44:29","modified_gmt":"2024-03-25T16:44:29","slug":"workshop-prevenir-e-gerir-os-riscos-psicossociais","status":"publish","type":"page","link":"https:\/\/edicoes.proteger.pt\/2024\/workshop-prevenir-e-gerir-os-riscos-psicossociais\/","title":{"rendered":"Workshop: Prevenir e Gerir os Riscos Psicossociais"},"content":{"rendered":"\t\t<div data-elementor-type=\"wp-post\" data-elementor-id=\"3519\" class=\"elementor elementor-3519\">\n\t\t\t\t<div class=\"elementor-element elementor-element-4ae152e e-con-full e-flex e-con e-parent\" data-id=\"4ae152e\" data-element_type=\"container\" data-settings=\"{&quot;background_background&quot;:&quot;classic&quot;,&quot;jet_parallax_layout_list&quot;:[]}\">\n\t\t\t\t<div class=\"elementor-element elementor-element-e984b9c elementor-invisible elementor-widget elementor-widget-heading\" data-id=\"e984b9c\" data-element_type=\"widget\" data-settings=\"{&quot;_animation&quot;:&quot;fadeInUp&quot;}\" data-widget_type=\"heading.default\">\n\t\t\t\t<div class=\"elementor-widget-container\">\n\t\t\t\t\t<h1 class=\"elementor-heading-title elementor-size-default\">Programa<\/h1>\t\t\t\t<\/div>\n\t\t\t\t<\/div>\n\t\t\t\t<\/div>\n\t\t<div class=\"elementor-element elementor-element-213d4db e-flex e-con-boxed e-con e-parent\" data-id=\"213d4db\" data-element_type=\"container\" data-settings=\"{&quot;jet_parallax_layout_list&quot;:[]}\">\n\t\t\t\t\t<div class=\"e-con-inner\">\n\t\t<div class=\"elementor-element elementor-element-55345de e-flex e-con-boxed elementor-invisible e-con e-child\" data-id=\"55345de\" data-element_type=\"container\" data-settings=\"{&quot;jet_parallax_layout_list&quot;:[],&quot;animation&quot;:&quot;fadeInUp&quot;}\">\n\t\t\t\t\t<div class=\"e-con-inner\">\n\t\t<div class=\"elementor-element elementor-element-b2919ec e-con-full e-flex e-con e-child\" data-id=\"b2919ec\" data-element_type=\"container\" data-settings=\"{&quot;jet_parallax_layout_list&quot;:[]}\">\n\t\t\t\t<div class=\"elementor-element elementor-element-3de951a elementor-widget elementor-widget-text-editor\" data-id=\"3de951a\" data-element_type=\"widget\" data-widget_type=\"text-editor.default\">\n\t\t\t\t<div class=\"elementor-widget-container\">\n\t\t\t\t\t\t\t\t\t<p>Workshop<\/p>\t\t\t\t\t\t\t\t<\/div>\n\t\t\t\t<\/div>\n\t\t\t\t<div class=\"elementor-element elementor-element-746bcc4 elementor-widget elementor-widget-heading\" data-id=\"746bcc4\" data-element_type=\"widget\" data-widget_type=\"heading.default\">\n\t\t\t\t<div class=\"elementor-widget-container\">\n\t\t\t\t\t<h1 class=\"elementor-heading-title elementor-size-default\">Sinopse<\/h1>\t\t\t\t<\/div>\n\t\t\t\t<\/div>\n\t\t\t\t<div class=\"elementor-element elementor-element-f6f660c elementor-widget-divider--view-line elementor-widget elementor-widget-divider\" data-id=\"f6f660c\" data-element_type=\"widget\" data-widget_type=\"divider.default\">\n\t\t\t\t<div class=\"elementor-widget-container\">\n\t\t\t\t\t\t\t<div class=\"elementor-divider\">\n\t\t\t<span class=\"elementor-divider-separator\">\n\t\t\t\t\t\t<\/span>\n\t\t<\/div>\n\t\t\t\t\t\t<\/div>\n\t\t\t\t<\/div>\n\t\t\t\t<div class=\"elementor-element elementor-element-71390f8 elementor-widget elementor-widget-text-editor\" data-id=\"71390f8\" data-element_type=\"widget\" data-widget_type=\"text-editor.default\">\n\t\t\t\t<div class=\"elementor-widget-container\">\n\t\t\t\t\t\t\t\t\t<p><strong>Prevenir e Gerir os Riscos Psicossociais<\/strong><\/p>\t\t\t\t\t\t\t\t<\/div>\n\t\t\t\t<\/div>\n\t\t\t\t<div class=\"elementor-element elementor-element-e2cd0be elementor-widget elementor-widget-text-editor\" data-id=\"e2cd0be\" data-element_type=\"widget\" data-widget_type=\"text-editor.default\">\n\t\t\t\t<div class=\"elementor-widget-container\">\n\t\t\t\t\t\t\t\t\t<div class=\"flex-1 overflow-hidden\"><div class=\"react-scroll-to-bottom--css-tzqfm-79elbk h-full\"><div class=\"react-scroll-to-bottom--css-tzqfm-1n7m0yu\"><div class=\"flex flex-col text-sm pb-9\"><div class=\"w-full text-token-text-primary\" data-testid=\"conversation-turn-7\"><div class=\"px-4 py-2 justify-center text-base md:gap-6 m-auto\"><div class=\"flex flex-1 text-base mx-auto gap-3 md:px-5 lg:px-1 xl:px-5 md:max-w-3xl lg:max-w-[40rem] xl:max-w-[48rem] group final-completion\"><div class=\"relative flex w-full flex-col agent-turn\"><div class=\"flex-col gap-1 md:gap-3\"><div class=\"flex flex-grow flex-col max-w-full\"><div class=\"min-h-[20px] text-message flex flex-col items-start gap-3 whitespace-pre-wrap break-words [.text-message+&amp;]:mt-5 overflow-x-auto\" data-message-author-role=\"assistant\" data-message-id=\"af3a57ff-6eea-4ca9-9a5c-0d366ce9f57d\"><div class=\"markdown prose w-full break-words dark:prose-invert light\"><p>O workshop &#8220;Prevenir e Gerir os Riscos Psicossociais&#8221; tem como objetivo fornecer aos participantes as habilidades necess\u00e1rias para identificar e mitigar riscos psicossociais. Durante a sess\u00e3o, os participantes ser\u00e3o guiados atrav\u00e9s das dimens\u00f5es dos riscos, explorar\u00e3o fatores de risco e protetores, entender\u00e3o os impactos na sa\u00fade mental e aprender\u00e3o estrat\u00e9gias de avalia\u00e7\u00e3o, utilizando um estudo de caso pr\u00e1tico. Os participantes construir\u00e3o um plano de a\u00e7\u00e3o para mitiga\u00e7\u00e3o e uma compreens\u00e3o clara do papel dos gestores e equipas nesse processo.<\/p><\/div><\/div><\/div><\/div><\/div><\/div><\/div><\/div><\/div><\/div><\/div><\/div>\t\t\t\t\t\t\t\t<\/div>\n\t\t\t\t<\/div>\n\t\t\t\t<\/div>\n\t\t\t\t\t<\/div>\n\t\t\t\t<\/div>\n\t\t\t\t\t<\/div>\n\t\t\t\t<\/div>\n\t\t<div class=\"elementor-element elementor-element-0882a66 e-flex e-con-boxed elementor-invisible e-con e-parent\" data-id=\"0882a66\" data-element_type=\"container\" data-settings=\"{&quot;jet_parallax_layout_list&quot;:[],&quot;animation&quot;:&quot;fadeInUp&quot;}\">\n\t\t\t\t\t<div class=\"e-con-inner\">\n\t\t\t\t\t<\/div>\n\t\t\t\t<\/div>\n\t\t<div class=\"elementor-element elementor-element-214d60d e-flex e-con-boxed elementor-invisible e-con e-parent\" data-id=\"214d60d\" data-element_type=\"container\" data-settings=\"{&quot;jet_parallax_layout_list&quot;:[],&quot;animation&quot;:&quot;fadeInUp&quot;}\">\n\t\t\t\t\t<div class=\"e-con-inner\">\n\t\t<div class=\"elementor-element elementor-element-58db9a7 e-con-full e-flex e-con e-child\" data-id=\"58db9a7\" data-element_type=\"container\" data-settings=\"{&quot;jet_parallax_layout_list&quot;:[]}\">\n\t\t\t\t<div class=\"elementor-element elementor-element-b97a713 elementor-widget elementor-widget-jet-team-member\" data-id=\"b97a713\" data-element_type=\"widget\" data-widget_type=\"jet-team-member.default\">\n\t\t\t\t<div class=\"elementor-widget-container\">\n\t\t\t\t\t<div class=\"elementor-jet-team-member jet-elements\"><div class=\"jet-team-member\">\n\t<div class=\"jet-team-member__inner\">\n\t\t\t<div class=\"jet-team-member__image\">\n\t\t\t<div class=\"jet-team-member__cover\"><\/div>\n\t\t\t<figure class=\"jet-team-member__figure\"><img fetchpriority=\"high\" decoding=\"async\" width=\"229\" height=\"234\" src=\"https:\/\/edicoes.proteger.pt\/2024\/wp-content\/uploads\/2024\/03\/momento-27_Sandra-Goncalves.jpg\" class=\"jet-team-member__img-tag\" alt=\"momento 27_Sandra Gon\u00e7alves\" \/><\/figure>\t\t<\/div>\n\t\t<div class=\"jet-team-member__content\"><h3 class=\"jet-team-member__name\"><span class=\"jet-team-member__name-first\">Sandra<\/span><span class=\"jet-team-member__name-last\"> Gon\u00e7alves<\/span><\/h3><div class=\"jet-team-member__position\"><span>Formadora<\/span><\/div><p class=\"jet-team-member__desc\">Licenciada em Psicologia Social e das Organiza\u00e7\u00f5es pela Faculdade de Psicologia da Universidade de Lisboa, e Mestre em Gest\u00e3o e MBA pelo ISEG, apresenta mais de 25 anos de experi\u00eancia profissional na \u00e1rea da consultoria em forma\u00e7\u00e3o e desenvolvimento organizacional, gest\u00e3o de recursos humanos e na \u00e1rea dos Programas de Apoio ao Empregado (EAP). \n<br>\nFundou em 2003 a primeira empresa portuguesa especializada em servi\u00e7os de apoio ao colaborador (EAP) e de gest\u00e3o de incidentes cr\u00edticos, a outCOme \u2013 Cl\u00ednica Organizacional, e em 2006 a Comfort Keepers Portugal, master franchising de servi\u00e7os de apoio domicili\u00e1rio. Desempenha atualmente as fun\u00e7\u00f5es de CEO da outCOme \u2013 Cl\u00ednica Organizacional, Diretora na APSEI (com pelouro da Forma\u00e7\u00e3o e Recursos Humanos) e Psic\u00f3loga do Grupo Desportivo Estoril Praia. <\/p><div class=\"jet-team-member__socials\"><div class=\"jet-team-member__socials-item\"><a href=\"https:\/\/www.linkedin.com\/in\/sandragmonteiro\/\" aria-label=\"Linkedin\" target=\"_blank\"><div class=\"jet-team-member__socials-icon\"><div class=\"inner\"><span class=\"jet-elements-icon\"><svg aria-hidden=\"true\" class=\"e-font-icon-svg e-fab-linkedin-in\" viewBox=\"0 0 448 512\" xmlns=\"http:\/\/www.w3.org\/2000\/svg\"><path d=\"M100.28 448H7.4V148.9h92.88zM53.79 108.1C24.09 108.1 0 83.5 0 53.8a53.79 53.79 0 0 1 107.58 0c0 29.7-24.1 54.3-53.79 54.3zM447.9 448h-92.68V302.4c0-34.7-.7-79.2-48.29-79.2-48.29 0-55.69 37.7-55.69 76.7V448h-92.78V148.9h89.08v40.8h1.3c12.4-23.5 42.69-48.3 87.88-48.3 94 0 111.28 61.9 111.28 142.3V448z\"><\/path><\/svg><\/span><\/div><\/div><\/a><\/div><\/div><\/div>\n\t<\/div>\n\t<\/div>\n<\/div>\t\t\t\t<\/div>\n\t\t\t\t<\/div>\n\t\t\t\t<\/div>\n\t\t\t\t\t<\/div>\n\t\t\t\t<\/div>\n\t\t<div class=\"elementor-element elementor-element-74ff8f5 e-flex e-con-boxed elementor-invisible e-con e-parent\" data-id=\"74ff8f5\" data-element_type=\"container\" data-settings=\"{&quot;jet_parallax_layout_list&quot;:[],&quot;animation&quot;:&quot;fadeInUp&quot;}\">\n\t\t\t\t\t<div class=\"e-con-inner\">\n\t\t\t\t\t<\/div>\n\t\t\t\t<\/div>\n\t\t\t\t<\/div>\n\t\t","protected":false},"excerpt":{"rendered":"<p>Programa Workshop Sinopse Prevenir e Gerir os Riscos Psicossociais O workshop &#8220;Prevenir e Gerir os Riscos Psicossociais&#8221; tem como objetivo fornecer aos participantes as habilidades necess\u00e1rias para identificar e mitigar riscos psicossociais. Durante a sess\u00e3o, os participantes ser\u00e3o guiados atrav\u00e9s das dimens\u00f5es dos riscos, explorar\u00e3o fatores de risco e protetores, entender\u00e3o os impactos na sa\u00fade [&hellip;]<\/p>\n","protected":false},"author":4,"featured_media":0,"parent":0,"menu_order":0,"comment_status":"closed","ping_status":"closed","template":"page-templates\/fullwidth-content.php","meta":{"inline_featured_image":false,"footnotes":""},"class_list":["post-3519","page","type-page","status-publish","hentry"],"_links":{"self":[{"href":"https:\/\/edicoes.proteger.pt\/2024\/wp-json\/wp\/v2\/pages\/3519","targetHints":{"allow":["GET"]}}],"collection":[{"href":"https:\/\/edicoes.proteger.pt\/2024\/wp-json\/wp\/v2\/pages"}],"about":[{"href":"https:\/\/edicoes.proteger.pt\/2024\/wp-json\/wp\/v2\/types\/page"}],"author":[{"embeddable":true,"href":"https:\/\/edicoes.proteger.pt\/2024\/wp-json\/wp\/v2\/users\/4"}],"replies":[{"embeddable":true,"href":"https:\/\/edicoes.proteger.pt\/2024\/wp-json\/wp\/v2\/comments?post=3519"}],"version-history":[{"count":28,"href":"https:\/\/edicoes.proteger.pt\/2024\/wp-json\/wp\/v2\/pages\/3519\/revisions"}],"predecessor-version":[{"id":4104,"href":"https:\/\/edicoes.proteger.pt\/2024\/wp-json\/wp\/v2\/pages\/3519\/revisions\/4104"}],"wp:attachment":[{"href":"https:\/\/edicoes.proteger.pt\/2024\/wp-json\/wp\/v2\/media?parent=3519"}],"curies":[{"name":"wp","href":"https:\/\/api.w.org\/{rel}","templated":true}]}}

<div data-elementor-type="wp-post" data-elementor-id="3519" class="elementor elementor-3519">
				<div class="elementor-element elementor-element-4ae152e e-con-full e-flex e-con e-parent" data-id="4ae152e" data-element_type="container" data-settings="{&quot;background_background&quot;:&quot;classic&quot;,&quot;jet_parallax_layout_list&quot;:[]}">
				<div class="elementor-element elementor-element-e984b9c elementor-invisible elementor-widget elementor-widget-heading" data-id="e984b9c" data-element_type="widget" data-settings="{&quot;_animation&quot;:&quot;fadeInUp&quot;}" data-widget_type="heading.default">
				<div class="elementor-widget-container">
					<h1 class="elementor-heading-title elementor-size-default">Programa</h1>				</div>
				</div>
				</div>
		<div class="elementor-element elementor-element-213d4db e-flex e-con-boxed e-con e-parent" data-id="213d4db" data-element_type="container" data-settings="{&quot;jet_parallax_layout_list&quot;:[]}">
					<div class="e-con-inner">
		<div class="elementor-element elementor-element-55345de e-flex e-con-boxed elementor-invisible e-con e-child" data-id="55345de" data-element_type="container" data-settings="{&quot;jet_parallax_layout_list&quot;:[],&quot;animation&quot;:&quot;fadeInUp&quot;}">
					<div class="e-con-inner">
		<div class="elementor-element elementor-element-b2919ec e-con-full e-flex e-con e-child" data-id="b2919ec" data-element_type="container" data-settings="{&quot;jet_parallax_layout_list&quot;:[]}">
				<div class="elementor-element elementor-element-3de951a elementor-widget elementor-widget-text-editor" data-id="3de951a" data-element_type="widget" data-widget_type="text-editor.default">
				<div class="elementor-widget-container">
									<p>Workshop</p>								</div>
				</div>
				<div class="elementor-element elementor-element-746bcc4 elementor-widget elementor-widget-heading" data-id="746bcc4" data-element_type="widget" data-widget_type="heading.default">
				<div class="elementor-widget-container">
					<h1 class="elementor-heading-title elementor-size-default">Sinopse</h1>				</div>
				</div>
				<div class="elementor-element elementor-element-f6f660c elementor-widget-divider--view-line elementor-widget elementor-widget-divider" data-id="f6f660c" data-element_type="widget" data-widget_type="divider.default">
				<div class="elementor-widget-container">
							<div class="elementor-divider">
			<span class="elementor-divider-separator">
						</span>
		</div>
						</div>
				</div>
				<div class="elementor-element elementor-element-71390f8 elementor-widget elementor-widget-text-editor" data-id="71390f8" data-element_type="widget" data-widget_type="text-editor.default">
				<div class="elementor-widget-container">
									<p><strong>Prevenir e Gerir os Riscos Psicossociais</strong></p>								</div>
				</div>
				<div class="elementor-element elementor-element-e2cd0be elementor-widget elementor-widget-text-editor" data-id="e2cd0be" data-element_type="widget" data-widget_type="text-editor.default">
				<div class="elementor-widget-container">
									<div class="flex-1 overflow-hidden"><div class="react-scroll-to-bottom--css-tzqfm-79elbk h-full"><div class="react-scroll-to-bottom--css-tzqfm-1n7m0yu"><div class="flex flex-col text-sm pb-9"><div class="w-full text-token-text-primary" data-testid="conversation-turn-7"><div class="px-4 py-2 justify-center text-base md:gap-6 m-auto"><div class="flex flex-1 text-base mx-auto gap-3 md:px-5 lg:px-1 xl:px-5 md:max-w-3xl lg:max-w-[40rem] xl:max-w-[48rem] group final-completion"><div class="relative flex w-full flex-col agent-turn"><div class="flex-col gap-1 md:gap-3"><div class="flex flex-grow flex-col max-w-full"><div class="min-h-[20px] text-message flex flex-col items-start gap-3 whitespace-pre-wrap break-words [.text-message+&amp;]:mt-5 overflow-x-auto" data-message-author-role="assistant" data-message-id="af3a57ff-6eea-4ca9-9a5c-0d366ce9f57d"><div class="markdown prose w-full break-words dark:prose-invert light"><p>O workshop &#8220;Prevenir e Gerir os Riscos Psicossociais&#8221; tem como objetivo fornecer aos participantes as habilidades necessárias para identificar e mitigar riscos psicossociais. Durante a sessão, os participantes serão guiados através das dimensões dos riscos, explorarão fatores de risco e protetores, entenderão os impactos na saúde mental e aprenderão estratégias de avaliação, utilizando um estudo de caso prático. Os participantes construirão um plano de ação para mitigação e uma compreensão clara do papel dos gestores e equipas nesse processo.</p></div></div></div></div></div></div></div></div></div></div></div></div>								</div>
				</div>
				</div>
					</div>
				</div>
					</div>
				</div>
		<div class="elementor-element elementor-element-0882a66 e-flex e-con-boxed elementor-invisible e-con e-parent" data-id="0882a66" data-element_type="container" data-settings="{&quot;jet_parallax_layout_list&quot;:[],&quot;animation&quot;:&quot;fadeInUp&quot;}">
					<div class="e-con-inner">
					</div>
				</div>
		<div class="elementor-element elementor-element-214d60d e-flex e-con-boxed elementor-invisible e-con e-parent" data-id="214d60d" data-element_type="container" data-settings="{&quot;jet_parallax_layout_list&quot;:[],&quot;animation&quot;:&quot;fadeInUp&quot;}">
					<div class="e-con-inner">
		<div class="elementor-element elementor-element-58db9a7 e-con-full e-flex e-con e-child" data-id="58db9a7" data-element_type="container" data-settings="{&quot;jet_parallax_layout_list&quot;:[]}">
				<div class="elementor-element elementor-element-b97a713 elementor-widget elementor-widget-jet-team-member" data-id="b97a713" data-element_type="widget" data-widget_type="jet-team-member.default">
				<div class="elementor-widget-container">
					<div class="elementor-jet-team-member jet-elements"><div class="jet-team-member">
	<div class="jet-team-member__inner">
			<div class="jet-team-member__image">
			<div class="jet-team-member__cover"></div>
			<figure class="jet-team-member__figure"><img fetchpriority="high" decoding="async" width="229" height="234" src="https://edicoes.proteger.pt/2024/wp-content/uploads/2024/03/momento-27_Sandra-Goncalves.jpg" class="jet-team-member__img-tag" alt="momento 27_Sandra Gonçalves" /></figure>		</div>
		<div class="jet-team-member__content"><h3 class="jet-team-member__name"><span class="jet-team-member__name-first">Sandra</span><span class="jet-team-member__name-last"> Gonçalves</span></h3><div class="jet-team-member__position"><span>Formadora</span></div><p class="jet-team-member__desc">Licenciada em Psicologia Social e das Organizações pela Faculdade de Psicologia da Universidade de Lisboa, e Mestre em Gestão e MBA pelo ISEG, apresenta mais de 25 anos de experiência profissional na área da consultoria em formação e desenvolvimento organizacional, gestão de recursos humanos e na área dos Programas de Apoio ao Empregado (EAP). 
<br>
Fundou em 2003 a primeira empresa portuguesa especializada em serviços de apoio ao colaborador (EAP) e de gestão de incidentes críticos, a outCOme – Clínica Organizacional, e em 2006 a Comfort Keepers Portugal, master franchising de serviços de apoio domiciliário. Desempenha atualmente as funções de CEO da outCOme – Clínica Organizacional, Diretora na APSEI (com pelouro da Formação e Recursos Humanos) e Psicóloga do Grupo Desportivo Estoril Praia. </p><div class="jet-team-member__socials"><div class="jet-team-member__socials-item"><a href="https://www.linkedin.com/in/sandragmonteiro/" aria-label="Linkedin" target="_blank"><div class="jet-team-member__socials-icon"><div class="inner"><span class="jet-elements-icon"><svg aria-hidden="true" class="e-font-icon-svg e-fab-linkedin-in" viewBox="0 0 448 512" xmlns="http://www.w3.org/2000/svg"><path d="M100.28 448H7.4V148.9h92.88zM53.79 108.1C24.09 108.1 0 83.5 0 53.8a53.79 53.79 0 0 1 107.58 0c0 29.7-24.1 54.3-53.79 54.3zM447.9 448h-92.68V302.4c0-34.7-.7-79.2-48.29-79.2-48.29 0-55.69 37.7-55.69 76.7V448h-92.78V148.9h89.08v40.8h1.3c12.4-23.5 42.69-48.3 87.88-48.3 94 0 111.28 61.9 111.28 142.3V448z"></path></svg></span></div></div></a></div></div></div>
	</div>
	</div>
</div>				</div>
				</div>
				</div>
					</div>
				</div>
		<div class="elementor-element elementor-element-74ff8f5 e-flex e-con-boxed elementor-invisible e-con e-parent" data-id="74ff8f5" data-element_type="container" data-settings="{&quot;jet_parallax_layout_list&quot;:[],&quot;animation&quot;:&quot;fadeInUp&quot;}">
					<div class="e-con-inner">
					</div>
				</div>
				</div>

<p>Programa Workshop Sinopse Prevenir e Gerir os Riscos Psicossociais O workshop &#8220;Prevenir e Gerir os Riscos Psicossociais&#8221; tem como objetivo fornecer aos participantes as habilidades necessárias para identificar e mitigar riscos psicossociais. Durante a sessão, os participantes serão guiados através das dimensões dos riscos, explorarão fatores de risco e protetores, entenderão os impactos na saúde [&hellip;]</p>
