{"id":3342,"date":"2024-03-22T11:07:32","date_gmt":"2024-03-22T11:07:32","guid":{"rendered":"https:\/\/proteger.pt\/?page_id=3342"},"modified":"2024-03-25T16:41:11","modified_gmt":"2024-03-25T16:41:11","slug":"workshop-a-certificacao-e-o-desafio-da-sustentabilidade","status":"publish","type":"page","link":"https:\/\/edicoes.proteger.pt\/2024\/workshop-a-certificacao-e-o-desafio-da-sustentabilidade\/","title":{"rendered":"Workshop: A Certifica\u00e7\u00e3o e o Desafio da Sustentabilidade"},"content":{"rendered":"\t\t<div data-elementor-type=\"wp-post\" data-elementor-id=\"3342\" class=\"elementor elementor-3342\">\n\t\t\t\t<div class=\"elementor-element elementor-element-4ae152e e-con-full e-flex e-con e-parent\" data-id=\"4ae152e\" data-element_type=\"container\" data-settings=\"{&quot;background_background&quot;:&quot;classic&quot;,&quot;jet_parallax_layout_list&quot;:[]}\">\n\t\t\t\t<div class=\"elementor-element elementor-element-e984b9c elementor-invisible elementor-widget elementor-widget-heading\" data-id=\"e984b9c\" data-element_type=\"widget\" data-settings=\"{&quot;_animation&quot;:&quot;fadeInUp&quot;}\" data-widget_type=\"heading.default\">\n\t\t\t\t<div class=\"elementor-widget-container\">\n\t\t\t\t\t<h1 class=\"elementor-heading-title elementor-size-default\">Programa<\/h1>\t\t\t\t<\/div>\n\t\t\t\t<\/div>\n\t\t\t\t<\/div>\n\t\t<div class=\"elementor-element elementor-element-213d4db e-flex e-con-boxed e-con e-parent\" data-id=\"213d4db\" data-element_type=\"container\" data-settings=\"{&quot;jet_parallax_layout_list&quot;:[]}\">\n\t\t\t\t\t<div class=\"e-con-inner\">\n\t\t<div class=\"elementor-element elementor-element-55345de e-flex e-con-boxed elementor-invisible e-con e-child\" data-id=\"55345de\" data-element_type=\"container\" data-settings=\"{&quot;jet_parallax_layout_list&quot;:[],&quot;animation&quot;:&quot;fadeInUp&quot;}\">\n\t\t\t\t\t<div class=\"e-con-inner\">\n\t\t<div class=\"elementor-element elementor-element-b2919ec e-con-full e-flex e-con e-child\" data-id=\"b2919ec\" data-element_type=\"container\" data-settings=\"{&quot;jet_parallax_layout_list&quot;:[]}\">\n\t\t\t\t<div class=\"elementor-element elementor-element-3de951a elementor-widget elementor-widget-text-editor\" data-id=\"3de951a\" data-element_type=\"widget\" data-widget_type=\"text-editor.default\">\n\t\t\t\t<div class=\"elementor-widget-container\">\n\t\t\t\t\t\t\t\t\t<p>Workshop<\/p>\t\t\t\t\t\t\t\t<\/div>\n\t\t\t\t<\/div>\n\t\t\t\t<div class=\"elementor-element elementor-element-746bcc4 elementor-widget elementor-widget-heading\" data-id=\"746bcc4\" data-element_type=\"widget\" data-widget_type=\"heading.default\">\n\t\t\t\t<div class=\"elementor-widget-container\">\n\t\t\t\t\t<h1 class=\"elementor-heading-title elementor-size-default\">Sinopse<\/h1>\t\t\t\t<\/div>\n\t\t\t\t<\/div>\n\t\t\t\t<div class=\"elementor-element elementor-element-f6f660c elementor-widget-divider--view-line elementor-widget elementor-widget-divider\" data-id=\"f6f660c\" data-element_type=\"widget\" data-widget_type=\"divider.default\">\n\t\t\t\t<div class=\"elementor-widget-container\">\n\t\t\t\t\t\t\t<div class=\"elementor-divider\">\n\t\t\t<span class=\"elementor-divider-separator\">\n\t\t\t\t\t\t<\/span>\n\t\t<\/div>\n\t\t\t\t\t\t<\/div>\n\t\t\t\t<\/div>\n\t\t\t\t<div class=\"elementor-element elementor-element-71390f8 elementor-widget elementor-widget-text-editor\" data-id=\"71390f8\" data-element_type=\"widget\" data-widget_type=\"text-editor.default\">\n\t\t\t\t<div class=\"elementor-widget-container\">\n\t\t\t\t\t\t\t\t\t<p><strong>A Certifica\u00e7\u00e3o e o Desafio da Sustentabilidade<\/strong><\/p>\t\t\t\t\t\t\t\t<\/div>\n\t\t\t\t<\/div>\n\t\t\t\t<div class=\"elementor-element elementor-element-e2cd0be elementor-widget elementor-widget-text-editor\" data-id=\"e2cd0be\" data-element_type=\"widget\" data-widget_type=\"text-editor.default\">\n\t\t\t\t<div class=\"elementor-widget-container\">\n\t\t\t\t\t\t\t\t\t<p>O workshop aborda de forma abrangente e detalhada as principais quest\u00f5es relacionadas com a certifica\u00e7\u00e3o e sustentabilidade dentro do contexto organizacional. Ao destacar a import\u00e2ncia do processo de certifica\u00e7\u00e3o, as normas ISO e NP e a tipologia de certifica\u00e7\u00f5es ESG (Ambiente, Social e Governance), os participantes ser\u00e3o imersos em conhecimentos essenciais para compreender e implementar pr\u00e1ticas sustent\u00e1veis nas suas organiza\u00e7\u00f5es. A explora\u00e7\u00e3o das vantagens e benef\u00edcios da certifica\u00e7\u00e3o, bem como as boas pr\u00e1ticas de concilia\u00e7\u00e3o e clima organizacional, n\u00e3o s\u00f3 promovem a efici\u00eancia e responsabilidade social, mas tamb\u00e9m capacitam as empresas a destacarem-se num mercado cada vez mais consciente e exigente.<\/p>\t\t\t\t\t\t\t\t<\/div>\n\t\t\t\t<\/div>\n\t\t\t\t<\/div>\n\t\t\t\t\t<\/div>\n\t\t\t\t<\/div>\n\t\t\t\t\t<\/div>\n\t\t\t\t<\/div>\n\t\t<div class=\"elementor-element elementor-element-0882a66 e-flex e-con-boxed elementor-invisible e-con e-parent\" data-id=\"0882a66\" data-element_type=\"container\" data-settings=\"{&quot;jet_parallax_layout_list&quot;:[],&quot;animation&quot;:&quot;fadeInUp&quot;}\">\n\t\t\t\t\t<div class=\"e-con-inner\">\n\t\t\t\t\t<\/div>\n\t\t\t\t<\/div>\n\t\t<div class=\"elementor-element elementor-element-214d60d e-flex e-con-boxed elementor-invisible e-con e-parent\" data-id=\"214d60d\" data-element_type=\"container\" data-settings=\"{&quot;jet_parallax_layout_list&quot;:[],&quot;animation&quot;:&quot;fadeInUp&quot;}\">\n\t\t\t\t\t<div class=\"e-con-inner\">\n\t\t<div class=\"elementor-element elementor-element-58db9a7 e-con-full e-flex e-con e-child\" data-id=\"58db9a7\" data-element_type=\"container\" data-settings=\"{&quot;jet_parallax_layout_list&quot;:[]}\">\n\t\t\t\t<div class=\"elementor-element elementor-element-b97a713 elementor-widget elementor-widget-jet-team-member\" data-id=\"b97a713\" data-element_type=\"widget\" data-widget_type=\"jet-team-member.default\">\n\t\t\t\t<div class=\"elementor-widget-container\">\n\t\t\t\t\t<div class=\"elementor-jet-team-member jet-elements\"><div class=\"jet-team-member\">\n\t<div class=\"jet-team-member__inner\">\n\t\t\t<div class=\"jet-team-member__image\">\n\t\t\t<div class=\"jet-team-member__cover\"><\/div>\n\t\t\t<figure class=\"jet-team-member__figure\"><img fetchpriority=\"high\" decoding=\"async\" width=\"229\" height=\"234\" src=\"https:\/\/edicoes.proteger.pt\/2024\/wp-content\/uploads\/2024\/03\/momento-14_Ana-Marques.jpg\" class=\"jet-team-member__img-tag\" alt=\"momento 14_Ana Marques\" \/><\/figure>\t\t<\/div>\n\t\t<div class=\"jet-team-member__content\"><h3 class=\"jet-team-member__name\"><span class=\"jet-team-member__name-first\">Ana<\/span><span class=\"jet-team-member__name-last\"> Marques<\/span><\/h3><div class=\"jet-team-member__position\"><span>Formadora<\/span><\/div><p class=\"jet-team-member__desc\">Ana Marques \u00e9 licenciada em Engenharia Qu\u00edmica Industrial pelo Instituto Superior de Engenharia de Lisboa, com p\u00f3s-gradua\u00e7\u00e3o em seguran\u00e7a e higiene no trabalho. Desde 2004 \u00e9 a respons\u00e1vel pelos sistemas de gest\u00e3o e acredita\u00e7\u00e3o do grupo Bureau Veritas em Portugal e \u00e9 auditora coordenadora em diversos referenciais nomeadamente da qualidade, seguran\u00e7a e \u00e1reas sociais. <\/p><div class=\"jet-team-member__socials\"><\/div><\/div>\n\t<\/div>\n\t<\/div>\n<\/div>\t\t\t\t<\/div>\n\t\t\t\t<\/div>\n\t\t\t\t<\/div>\n\t\t\t\t\t<\/div>\n\t\t\t\t<\/div>\n\t\t<div class=\"elementor-element elementor-element-74ff8f5 e-flex e-con-boxed elementor-invisible e-con e-parent\" data-id=\"74ff8f5\" data-element_type=\"container\" data-settings=\"{&quot;jet_parallax_layout_list&quot;:[],&quot;animation&quot;:&quot;fadeInUp&quot;}\">\n\t\t\t\t\t<div class=\"e-con-inner\">\n\t\t\t\t\t<\/div>\n\t\t\t\t<\/div>\n\t\t\t\t<\/div>\n\t\t","protected":false},"excerpt":{"rendered":"<p>Programa Workshop Sinopse A Certifica\u00e7\u00e3o e o Desafio da Sustentabilidade O workshop aborda de forma abrangente e detalhada as principais quest\u00f5es relacionadas com a certifica\u00e7\u00e3o e sustentabilidade dentro do contexto organizacional. Ao destacar a import\u00e2ncia do processo de certifica\u00e7\u00e3o, as normas ISO e NP e a tipologia de certifica\u00e7\u00f5es ESG (Ambiente, Social e Governance), os [&hellip;]<\/p>\n","protected":false},"author":4,"featured_media":0,"parent":0,"menu_order":0,"comment_status":"closed","ping_status":"closed","template":"page-templates\/fullwidth-content.php","meta":{"inline_featured_image":false,"footnotes":""},"class_list":["post-3342","page","type-page","status-publish","hentry"],"_links":{"self":[{"href":"https:\/\/edicoes.proteger.pt\/2024\/wp-json\/wp\/v2\/pages\/3342","targetHints":{"allow":["GET"]}}],"collection":[{"href":"https:\/\/edicoes.proteger.pt\/2024\/wp-json\/wp\/v2\/pages"}],"about":[{"href":"https:\/\/edicoes.proteger.pt\/2024\/wp-json\/wp\/v2\/types\/page"}],"author":[{"embeddable":true,"href":"https:\/\/edicoes.proteger.pt\/2024\/wp-json\/wp\/v2\/users\/4"}],"replies":[{"embeddable":true,"href":"https:\/\/edicoes.proteger.pt\/2024\/wp-json\/wp\/v2\/comments?post=3342"}],"version-history":[{"count":43,"href":"https:\/\/edicoes.proteger.pt\/2024\/wp-json\/wp\/v2\/pages\/3342\/revisions"}],"predecessor-version":[{"id":4086,"href":"https:\/\/edicoes.proteger.pt\/2024\/wp-json\/wp\/v2\/pages\/3342\/revisions\/4086"}],"wp:attachment":[{"href":"https:\/\/edicoes.proteger.pt\/2024\/wp-json\/wp\/v2\/media?parent=3342"}],"curies":[{"name":"wp","href":"https:\/\/api.w.org\/{rel}","templated":true}]}}

Workshop: A Certificação e o Desafio da Sustentabilidade

<div data-elementor-type="wp-post" data-elementor-id="3342" class="elementor elementor-3342">
				<div class="elementor-element elementor-element-4ae152e e-con-full e-flex e-con e-parent" data-id="4ae152e" data-element_type="container" data-settings="{&quot;background_background&quot;:&quot;classic&quot;,&quot;jet_parallax_layout_list&quot;:[]}">
				<div class="elementor-element elementor-element-e984b9c elementor-invisible elementor-widget elementor-widget-heading" data-id="e984b9c" data-element_type="widget" data-settings="{&quot;_animation&quot;:&quot;fadeInUp&quot;}" data-widget_type="heading.default">
				<div class="elementor-widget-container">
					<h1 class="elementor-heading-title elementor-size-default">Programa</h1>				</div>
				</div>
				</div>
		<div class="elementor-element elementor-element-213d4db e-flex e-con-boxed e-con e-parent" data-id="213d4db" data-element_type="container" data-settings="{&quot;jet_parallax_layout_list&quot;:[]}">
					<div class="e-con-inner">
		<div class="elementor-element elementor-element-55345de e-flex e-con-boxed elementor-invisible e-con e-child" data-id="55345de" data-element_type="container" data-settings="{&quot;jet_parallax_layout_list&quot;:[],&quot;animation&quot;:&quot;fadeInUp&quot;}">
					<div class="e-con-inner">
		<div class="elementor-element elementor-element-b2919ec e-con-full e-flex e-con e-child" data-id="b2919ec" data-element_type="container" data-settings="{&quot;jet_parallax_layout_list&quot;:[]}">
				<div class="elementor-element elementor-element-3de951a elementor-widget elementor-widget-text-editor" data-id="3de951a" data-element_type="widget" data-widget_type="text-editor.default">
				<div class="elementor-widget-container">
									<p>Workshop</p>								</div>
				</div>
				<div class="elementor-element elementor-element-746bcc4 elementor-widget elementor-widget-heading" data-id="746bcc4" data-element_type="widget" data-widget_type="heading.default">
				<div class="elementor-widget-container">
					<h1 class="elementor-heading-title elementor-size-default">Sinopse</h1>				</div>
				</div>
				<div class="elementor-element elementor-element-f6f660c elementor-widget-divider--view-line elementor-widget elementor-widget-divider" data-id="f6f660c" data-element_type="widget" data-widget_type="divider.default">
				<div class="elementor-widget-container">
							<div class="elementor-divider">
			<span class="elementor-divider-separator">
						</span>
		</div>
						</div>
				</div>
				<div class="elementor-element elementor-element-71390f8 elementor-widget elementor-widget-text-editor" data-id="71390f8" data-element_type="widget" data-widget_type="text-editor.default">
				<div class="elementor-widget-container">
									<p><strong>A Certificação e o Desafio da Sustentabilidade</strong></p>								</div>
				</div>
				<div class="elementor-element elementor-element-e2cd0be elementor-widget elementor-widget-text-editor" data-id="e2cd0be" data-element_type="widget" data-widget_type="text-editor.default">
				<div class="elementor-widget-container">
									<p>O workshop aborda de forma abrangente e detalhada as principais questões relacionadas com a certificação e sustentabilidade dentro do contexto organizacional. Ao destacar a importância do processo de certificação, as normas ISO e NP e a tipologia de certificações ESG (Ambiente, Social e Governance), os participantes serão imersos em conhecimentos essenciais para compreender e implementar práticas sustentáveis nas suas organizações. A exploração das vantagens e benefícios da certificação, bem como as boas práticas de conciliação e clima organizacional, não só promovem a eficiência e responsabilidade social, mas também capacitam as empresas a destacarem-se num mercado cada vez mais consciente e exigente.</p>								</div>
				</div>
				</div>
					</div>
				</div>
					</div>
				</div>
		<div class="elementor-element elementor-element-0882a66 e-flex e-con-boxed elementor-invisible e-con e-parent" data-id="0882a66" data-element_type="container" data-settings="{&quot;jet_parallax_layout_list&quot;:[],&quot;animation&quot;:&quot;fadeInUp&quot;}">
					<div class="e-con-inner">
					</div>
				</div>
		<div class="elementor-element elementor-element-214d60d e-flex e-con-boxed elementor-invisible e-con e-parent" data-id="214d60d" data-element_type="container" data-settings="{&quot;jet_parallax_layout_list&quot;:[],&quot;animation&quot;:&quot;fadeInUp&quot;}">
					<div class="e-con-inner">
		<div class="elementor-element elementor-element-58db9a7 e-con-full e-flex e-con e-child" data-id="58db9a7" data-element_type="container" data-settings="{&quot;jet_parallax_layout_list&quot;:[]}">
				<div class="elementor-element elementor-element-b97a713 elementor-widget elementor-widget-jet-team-member" data-id="b97a713" data-element_type="widget" data-widget_type="jet-team-member.default">
				<div class="elementor-widget-container">
					<div class="elementor-jet-team-member jet-elements"><div class="jet-team-member">
	<div class="jet-team-member__inner">
			<div class="jet-team-member__image">
			<div class="jet-team-member__cover"></div>
			<figure class="jet-team-member__figure"><img fetchpriority="high" decoding="async" width="229" height="234" src="https://edicoes.proteger.pt/2024/wp-content/uploads/2024/03/momento-14_Ana-Marques.jpg" class="jet-team-member__img-tag" alt="momento 14_Ana Marques" /></figure>		</div>
		<div class="jet-team-member__content"><h3 class="jet-team-member__name"><span class="jet-team-member__name-first">Ana</span><span class="jet-team-member__name-last"> Marques</span></h3><div class="jet-team-member__position"><span>Formadora</span></div><p class="jet-team-member__desc">Ana Marques é licenciada em Engenharia Química Industrial pelo Instituto Superior de Engenharia de Lisboa, com pós-graduação em segurança e higiene no trabalho. Desde 2004 é a responsável pelos sistemas de gestão e acreditação do grupo Bureau Veritas em Portugal e é auditora coordenadora em diversos referenciais nomeadamente da qualidade, segurança e áreas sociais. </p><div class="jet-team-member__socials"></div></div>
	</div>
	</div>
</div>				</div>
				</div>
				</div>
					</div>
				</div>
		<div class="elementor-element elementor-element-74ff8f5 e-flex e-con-boxed elementor-invisible e-con e-parent" data-id="74ff8f5" data-element_type="container" data-settings="{&quot;jet_parallax_layout_list&quot;:[],&quot;animation&quot;:&quot;fadeInUp&quot;}">
					<div class="e-con-inner">
					</div>
				</div>
				</div>

<p>Programa Workshop Sinopse A Certificação e o Desafio da Sustentabilidade O workshop aborda de forma abrangente e detalhada as principais questões relacionadas com a certificação e sustentabilidade dentro do contexto organizacional. Ao destacar a importância do processo de certificação, as normas ISO e NP e a tipologia de certificações ESG (Ambiente, Social e Governance), os [&hellip;]</p>
